base 12, what is -4 + -41790b23?
-41790b27
In base 8, what is -1041 - 1520251?
-1521312
In base 12, what is -3 - -5159839?
5159836
In base 8, what is 366 - -1542472?
1543060
In base 12, what is -1 - -411581?
411580
In base 7, what is 12333331 - -20?
12333351
In base 12, what is 46248a139 + 3?
46248a140
In base 12, what is 1379a7 - -258?
138043
In base 12, what is 38494 + -30?
38464
In base 2, what is -1010010110110 + -100011000110101?
-101101011101011
In base 11, what is -1 - 760696?
-760697
In base 3, what is -102220000202 + -1102?
-102220002011
In base 5, what is -301423132 + 133?
-301422444
In base 15, what is -3c + -266e6?
-26733
In base 14, what is -65 + -9540c?
-95473
In base 12, what is -5 + 44101a?
441015
In base 15, what is 14cbb7a - -20?
14cbb9a
In base 2, what is 10000100 - -11111101111111101?
11111110010000001
In base 14, what is -4d0 + 77d?
28d
In base 7, what is 154 + -1462016?
-1461532
In base 3, what is -2122012112002 - 2200?
-2122012121202
In base 5, what is 23202301012 - 10?
23202301002
In base 13, what is -102 - -589b2?
588b0
In base 16, what is -2b - -a7e16?
a7deb
In base 2, what is -100111111001 + -1100111110010?
-10001111101011
In base 15, what is -205b - 75?
-20d1
In base 11, what is 3 - -30229a5?
30229a8
In base 4, what is -31 + -2100011232?
-2100011323
In base 2, what is -1100001100100001111100110 + -10?
-1100001100100001111101000
In base 7, what is -2300036 + -24?
-2300063
In base 4, what is 123122 + 22221112?
23010300
In base 9, what is 6140 - -76257?
83407
In base 11, what is -7 + -10746824?
-10746830
In base 16, what is cc60c3 + 4?
cc60c7
In base 7, what is 1 + 461026?
461030
In base 2, what is -111010 + 1011000111111000101?
1011000111110001011
In base 5, what is 14 - 2214302404?
-2214302340
In base 8, what is -256035 - 16275?
-274332
In base 10, what is -6 - 945541?
-945547
In base 11, what is 96 + -50133?
-50048
In base 2, what is 1 + -1000011011101100000010001010?
-1000011011101100000010001001
In base 4, what is -12002 + 13231202323?
13231130321
In base 2, what is 10111010011110000000 + 10011000?
10111010100000011000
In base 2, what is 1101111101000 - -1000100110?
1111000001110
In base 11, what is 0 + -161a58?
-161a58
In base 13, what is -252 - 95c85?
-96207
In base 10, what is 95297891 + -1?
95297890
In base 7, what is -5 - 4160255?
-4160263
In base 15, what is 3 + 1899b?
1899e
In base 16, what is -1040f6 + -6?
-1040fc
In base 16, what is -4c54b38 + 4?
-4c54b34
In base 2, what is 1001 - 10011111111100001101?
-10011111111100000100
In base 14, what is -19 - -4037a?
40361
In base 15, what is 2cb35 + -53?
2cad2
In base 15, what is -4 - 36550a?
-36550e
In base 13, what is -2c3 + -45a6?
-4899
In base 4, what is 10 - 1111021202133?
-1111021202123
In base 14, what is -3 + 589a4c0?
589a4bb
In base 9, what is -7 + 438751607?
438751600
In base 11, what is 166280a3 - 0?
166280a3
In base 7, what is 341021066 - 30?
341021036
In base 5, what is -122 + -14003130131?
-14003130303
In base 14, what is 156 + -c00?
-a88
In base 5, what is 3323221114 - -42?
3323221211
In base 6, what is -322220230 + 3?
-322220223
In base 11, what is 1957 + 368?
2214
In base 4, what is 22031000210 + 1?
22031000211
In base 10, what is 247 + 35585?
35832
In base 12, what is 4 - -27617?
2761b
In base 16, what is -2598 - -4a38?
24a0
In base 3, what is -10020212112120010 - 22?
-10020212112120102
In base 12, what is -838 - -80b1?
7475
In base 13, what is 29 + 1c4377?
1c43a3
In base 7, what is 4212 + -25606?
-21364
In base 10, what is 934 + 135869?
136803
In base 4, what is -3130031 - 1023221?
-10213312
In base 8, what is 36640517 - 0?
36640517
In base 16, what is -255 - -53cc7?
53a72
In base 13, what is 3466620 - 17?
3466606
In base 15, what is -2996c - 340?
-29cac
In base 4, what is -133102212023 + 32?
-133102211331
In base 8, what is -332 - -64344?
64012
In base 3, what is 112202122020 - -20?
112202122110
In base 6, what is -1315223 - 100?
-1315323
In base 8, what is -12770667 - 3?
-12770672
In base 5, what is -14 + 1300324021?
1300324002
In base 2, what is 101 + 1110110101110010010011?
1110110101110010011000
In base 12, what is -4693 - -4982?
2ab
In base 2, what is 1001011011110011 + 110000000011001?
1111011100001100
In base 16, what is 4 + 9d10a55?
9d10a59
In base 14, what is -1590c5 - -366?
-158b5d
In base 14, what is -51d - a4a6d?
-a518c
In base 16, what is -33e4 + -381f?
-6c03
In base 6, what is 155021032 + -1?
155021031
In base 14, what is c861973 + 1?
c861974
In base 3, what is -22 + -12210111002220002?
-12210111002220101
In base 3, what is -2011201111 + 1002021211?
-1002102200
In base 13, what is -66749 - -15?
-66734
In base 15, what is -d2a - 741e?
-8249
In base 15, what is -e17 - d1?
-ee8
In base 6, what is -14123305 - -13?
-14123252
In base 7, what is -156526 - -440?
-156056
In base 7, what is 43 + 1530511?
1530554
In base 9, what is -4032 + -1330?
-5362
In base 3, what is 1111110002122012 - -10?
1111110002122022
In base 5, what is -1 - 323433141412?
-323433141413
In base 7, what is -14 + 260104261?
260104244
In base 13, what is -22 + -22013b?
-220160
In base 2, what is 1100110000001110 - 1100000?
1100101110101110
In base 5, what is 2220242 + 230?
2221022
In base 8, what is -120733 - -373?
-120340
In base 3, what is 22 - -102200012211?
102200020010
In base 14, what is 51549d4 + -5?
51549cd
In base 5, what is 10 - 313002433?
-313002423
In base 6, what is -30354 + -332?
-31130
In base 11, what is -50 - 4684?
-4724
In base 8, what is 1602612 - 1133?
1601457
In base 14, what is 18d6 - 35bb?
-1ac5
In base 2, what is 10100 - -1100010011110111000010010?
1100010011110111000100110
In base 12, what is -7145 - -885?
-6480
In base 6, what is 1451241 - 54203?
1353034
In base 16, what is 1c6f59 - 26?
1c6f33
In base 6, what is -405414 - -2232?
-403142
In base 10, what is 763 + 5137?
5900
In base 16, what is -5b4635 + -d?
-5b4642
In base 9, what is 1206838 + 20?
1206858
In base 13, what is 3 + -1c34c99?
-1c34c96
In base 6, what is -22 - -3313323?
3313301
In base 14, what is 0 + -3a92a8?
-3a92a8
In base 9, what is -11 + 36771?
36760
In base 11, what is 13481 + -6981?
7600
In base 7, what is 4131334 - 16?
4131315
In base 9, what is 86081806 + -5?
86081801
In base 3, what is 11 + 10100211010112120?
10100211010112201
In base 2, what is 1100 + -1000000110000010000?
-1000000110000000100
In base 14, what is -2 - 1bac7b5?
-1bac7b7
In base 2, what is 110101101011011000110 - 1101001?
110101101011001011101
In base 12, what is b - -225a56?
225a65
In base 2, what is 100001001110001 - -101001011000?
100110011001001
In base 16, what is 375f2 + 10?
37602
In base 6, what is -40431511 - 5?
-40431520
In base 8, what is 25031 + -14403?
10426
In base 16, what is -1b7234 + 0?
-1b7234
In base 14, what is 2 + 4d8db3?
4d8db5
In base 16, what is 3b01 + 644a?
9f4b
In base 3, what is -121212002122 + 201100?
-121211101022
In base 9, what is -116158032 - -3?
-116158028
In base 11, what is -372698 + 100?
-372598
In base 9, what is 45167 + 11466?
56644
In base 13, what is a7b + 2c82?
3a30
In base 9, what is -1583546 + 157?
-1583378
In base 15, what is -16 + 5a14?
59ed
In base 11, what is 7 + -342345?
-342339
In base 16, what is 264 - dae6?
-d882
In base 10, what is -21 - -463290?
463269
In base 5, what is -2 + -2421443110?
-2421443112
In base 9, what is -3203764 - 6?
-3203771
In base 5, what is -30001424 - -210?
-30001214
In base 16, what is -7 - 539e8a4?
-539e8ab
In base 4, what is 332002020 - 21023?
331320331
In base 12, what is 3 - -3b1276b5?
3b1276b8
In base 7, what is -1264 - 413541?
-415135
In base 10, what is -26362345 - 5?
-26362350
In base 9, what is 68012 - -135?
68147
In base 4, what is -112033 - -220120?
102021
In base 15, what is 1a54 - -673?
21c7
In base 8, what is 4627241 - 5?
4627234
In base 9, what is 846 - 27200?
-26243
In base 11, what is -22732 + -251a?
-25151
In base 10, what is 14188575 + -2?
14188573
In base 4, what is -3 - -3222221033?
3222221030
In base 13, what is -999 + -4225?
-4bc1
In base 12, what is 56 - -380487?
380521
In base 9, what is 5228423 + 3?
5228426
In base 15, what is bca - d59a?
-c8c0
In base 13, what is -1 - -a727a71?
a727a70
In base 5, what is -30332 + 24024?
-1303
In base 2, what is -1101001100000101 + -110001?
-1101001100110110
In base 8, w